hen 19377652 is divided by 115.
37
Calculate the remainder when 105707 is divided by 589.
276
What is the remainder when 118117 is divided by 505?
452
Calculate the remainder when 285194 is divided by 15842.
38
What is the remainder when 17830132 is divided by 141?
118
Calculate the remainder when 839096 is divided by 16.
8
What is the remainder when 113378 is divided by 113339?
39
Calculate the remainder when 97857584 is divided by 387.
377
Calculate the remainder when 1308972 is divided by 6352.
460
Calculate the remainder when 70589 is divided by 11591.
1043
Calculate the remainder when 560620 is divided by 103.
94
What is the remainder when 84660 is divided by 84503?
157
Calculate the remainder when 187381422 is divided by 22.
8
What is the remainder when 557627 is divided by 12893?
3228
What is the remainder when 25504858 is divided by 10077?
10048
Calculate the remainder when 2590285 is divided by 1295136.
13
Calculate the remainder when 3821975 is divided by 861.
857
What is the remainder when 52410832 is divided by 124?
0
What is the remainder when 35890056 is divided by 1415?
1411
Calculate the remainder when 9814009 is divided by 9813997.
12
What is the remainder when 56448625 is divided by 2285?
2270
Calculate the remainder when 59110 is divided by 480.
70
What is the remainder when 8972 is divided by 38?
4
What is the remainder when 2980055 is divided by 1489850?
355
Calculate the remainder when 383318 is divided by 75843.
4103
What is the remainder when 22422724 is divided by 43?
30
Calculate the remainder when 180657368 is divided by 109.
5
Calculate the remainder when 331424 is divided by 2492.
2480
Calculate the remainder when 3206494 is divided by 195.
109
What is the remainder when 2686662 is divided by 7996?
6
Calculate the remainder when 2598541 is divided by 583.
110
Calculate the remainder when 21488 is divided by 2921.
1041
What is the remainder when 5443486 is divided by 2847?
22
Calculate the remainder when 5958126 is divided by 674.
640
What is the remainder when 14441590 is divided by 3?
1
What is the remainder when 863461581 is divided by 283?
281
What is the remainder when 83588 is divided by 3870?
2318
What is the remainder when 1523997 is divided by 272?
253
Calculate the remainder when 18487172 is divided by 24584.
4
Calculate the remainder when 16721139 is divided by 89.
86
What is the remainder when 88381 is divided by 3145?
321
What is the remainder when 3534295 is divided by 321297?
28
What is the remainder when 1202524 is divided by 23?
15
What is the remainder when 10777465 is divided by 214?
211
Calculate the remainder when 679671 is divided by 48510.
531
Calculate the remainder when 4328081 is divided by 2778.
2735
What is the remainder when 236925 is divided by 58?
53
Calculate the remainder when 421657 is divided by 4685.
7
What is the remainder when 1387557622 is divided by 1814?
1812
Calculate the remainder when 535758 is divided by 107037.
573
What is the remainder when 186982 is divided by 8127?
61
Calculate the remainder when 18992805 is divided by 513.
6
Calculate the remainder when 22247935 is divided by 5425.
10
What is the remainder when 15287362 is divided by 138?
136
Calculate the remainder when 53607 is divided by 25118.
3371
Calculate the remainder when 5250432 is divided by 1750134.
30
Calculate the remainder when 65568143 is divided by 580249.
6
Calculate the remainder when 6014191 is divided by 97001.
129
Calculate the remainder when 1173318699 is divided by 100.
99
Calculate the remainder when 15063425 is divided by 73840.
65
What is the remainder when 7090104 is divided by 1594?
1586
Calculate the remainder when 13571006 is divided by 4833.
4775
What is the remainder when 5118 is divided by 264?
102
What is the remainder when 827433 is divided by 107?
2
Calculate the remainder when 70323 is divided by 3609.
1752
Calculate the remainder when 1761726 is divided by 38298.
18
What is the remainder when 228172 is divided by 2002?
1946
Calculate the remainder when 97750 is divided by 133.
128
What is the remainder when 43341 is divided by 21460?
421
What is the remainder when 52379 is divided by 3621?
1685
Calculate the remainder when 1634388 is divided by 1634362.
26
What is the remainder when 2766437 is divided by 1272?
1109
What is the remainder when 11896148 is divided by 5948058?
32
Calculate the remainder when 2229097 is divided by 383.
37
What is the remainder when 56636500 is divided by 47?
43
Calculate the remainder when 1586613 is divided by 396627.
105
What is the remainder when 60399110 is divided by 58?
56
What is the remainder when 1513303 is divided by 55?
33
What is the remainder when 51697409 is divided by 75?
59
What is the remainder when 1760225 is divided by 117348?
5
Calculate the remainder when 359073 is divided by 1908.
369
Calculate the remainder when 3855717 is divided by 552.
549
What is the remainder when 257355027 is divided by 921?
918
What is the remainder when 361119 is divided by 319?
11
Calculate the remainder when 2985551 is divided by 33536.
847
Calculate the remainder when 3534699 is divided by 186036.
15
Calculate the remainder when 16637918 is divided by 14.
10
What is the remainder when 1884724 is divided by 7362?
52
Calculate the remainder when 5510927 is divided by 296.
295
Calculate the remainder when 49763 is divided by 24767.
229
Calculate the remainder when 1993936 is divided by 1767.
760
Calculate the remainder when 178257 is divided by 58789.
1890
What is the remainder when 1120379 is divided by 217?
8
Calculate the remainder when 2682960 is divided by 3521.
3479
What is the remainder when 387396 is divided by 22?
20
Calculate the remainder when 14748535 is divided by 2454.
2449
Calculate the remainder when 483267 is divided by 10282.
13
What is the remainder when 372009 is divided by 292?
1
Calculate the remainder when 8729907 is divided by 8.
3
Calculate the remainder when 33705386 is divided by 15.
11
Calculate the remainder when 7967390 is divided by 2655792.
14
Calculate the remainder when 33887874 is divided by 13.
7
Calculate the remainder when 200277135 is divided by 66759044.
3
Calculate the remainder when 357802 is divided by 18329.
9551
What is the remainder when 19926413 is divided by 2488?
21
What is the remainder when 5273255 is divided by 1597?
1558
What is the remainder when 8700 is divided by 1530?
1050
Calculate the remainder when 2634847 is divided by 815.
767
What is the remainder when 190519793 is divided by 90?
53
Calculate the remainder when 6855 is divided by 6728.
127
Calculate the remainder when 3853790 is divided by 183.
176
Calculate the remainder when 1766153 is divided by 176.
169
Calculate the remainder when 79925876 is divided by 1047.
1037
Calculate the remainder when 317736 is divided by 332.
12
Calculate the remainder when 15389 is divided by 370.
219
Calculate the remainder when 23851 is divided by 1703.
9
Calculate the remainder when 2114127 is divided by 192193.
4
Calculate the remainder when 8490075 is divided by 80.
75
Calculate the remainder when 10040664 is divided by 200812.
64
Calculate the remainder when 57027378 is divided by 2411.
2406
What is the remainder when 4805185 is divided by 369625?
60
Calculate the remainder when 31585498 is divided by 6.
4
What is the remainder when 1696035 is divided by 113067?
30
What is the remainder when 457591 is divided by 227?
186
Calculate the remainder when 3919903 is divided by 434.
15
Calculate the remainder when 1341 is divided by 213.
63
What is the remainder when 2855285 is divided by 387?
386
Calculate the remainder when 526730 is divided by 105332.
70
What is the remainder when 1412151 is divided by 108624?
39
What is the remainder when 70606028 is divided by 2856?
2852
Calculate the remainder when 142215 is divided by 91.
73
Calculate the remainder when 1830134 is divided by 21.
5
What is the remainder when 305569 is divided by 30243?
3139
Calculate the remainder when 9672550 is divided by 359.
13
Calculate the remainder when 190564 is divided by 2803.
2763
Calculate the remainder when 301122 is divided by 23157.
81
What is the remainder when 13118299 is divided by 471?
7
Calculate the remainder when 116530 is divided by 38832.
34
What is the remain